
What are the prime factors of 1753516206?
2, 3, 13, 263, 28493
List the prime factors of 30071088.
2, 3, 23203
What are the prime factors of 469942925?
5, 709, 26513
List the prime factors of 242375830.
2, 5, 24237583
List the prime factors of 76202067.
3, 41, 89, 6961
List the prime factors of 156666081.
3, 11, 13, 33199
What are the prime factors of 3297119848?
2, 11, 67, 559213
List the prime factors of 1502525764.
2, 2707, 138763
List the prime factors of 2041829530.
2, 5, 13, 15706381
What are the prime factors of 84536411?
31, 2726981
What are the prime factors of 712786252?
2, 178196563
What are the prime factors of 185362074?
2, 3, 83, 41357
List the prime factors of 243240516.
2, 3, 29, 37, 2099
What are the prime factors of 2605457002?
2, 1302728501
List the prime factors of 4021761319.
43, 101, 926033
What are the prime factors of 213750274?
2, 59, 1811443
What are the prime factors of 3539703069?
3, 7, 3613, 15551
List the prime factors of 1617666836.
2, 1499, 269791
What are the prime factors of 65156939?
29, 2246791
What are the prime factors of 551980204?
2, 10979, 12569
List the prime factors of 1662621024.
2, 3, 53, 326773
List the prime factors of 126050452.
2, 11, 593, 4831
List the prime factors of 291748362.
2, 3, 479, 101513
List the prime factors of 116508203.
7, 16644029
What are the prime factors of 19614801?
3, 6538267
What are the prime factors of 4081606502?
2, 61, 409, 81799
List the prime factors of 51479981.
7, 7354283
What are the prime factors of 4121762001?
3, 7, 37, 1733, 3061
List the prime factors of 439038859.
7, 29, 349, 6197
What are the prime factors of 2304694149?
3, 768231383
What are the prime factors of 220365268?
2, 19, 2899543
What are the prime factors of 5216739133?
5216739133
List the prime factors of 227612751.
3, 75870917
What are the prime factors of 948751720?
2, 5, 7, 69151
What are the prime factors of 2809887085?
5, 89, 139, 45427
What are the prime factors of 1195637929?
1195637929
What are the prime factors of 171216816?
2, 3, 101, 35317
List the prime factors of 3781388563.
49891, 75793
List the prime factors of 261771784.
2, 89, 109, 3373
List the prime factors of 195779209.
195779209
What are the prime factors of 19686882?
2, 3, 29, 113143
List the prime factors of 119025312.
2, 3, 7, 25303
List the prime factors of 946606839.
3, 313, 1008101
List the prime factors of 620600494.
2, 310300247
What are the prime factors of 2004721259?
14549, 137791
List the prime factors of 787925753.
787925753
List the prime factors of 5923540.
2, 5, 7, 29, 1459
List the prime factors of 3508921396.
2, 59, 101, 147211
List the prime factors of 147167199.
3, 29, 31, 43, 47
List the prime factors of 1832029675.
5, 7, 10468741
List the prime factors of 872750311.
53, 2647, 6221
List the prime factors of 144081423.
3, 67, 139, 191
What are the prime factors of 2840073893?
1301, 2182993
What are the prime factors of 68030664?
2, 3, 13, 218047
What are the prime factors of 392882631?
3, 17, 7703581
What are the prime factors of 61111167?
3, 13, 1566953
What are the prime factors of 6350190912?
2, 3, 13, 282683
List the prime factors of 6558931.
6558931
List the prime factors of 542162668.
2, 191, 683, 1039
List the prime factors of 110876529.
3, 97, 381019
What are the prime factors of 335197221?
3, 19, 5880653
List the prime factors of 453945536.
2, 11, 73
List the prime factors of 1249401523.
59, 3931, 5387
What are the prime factors of 40962292?
2, 7, 1462939
What are the prime factors of 1276557733?
11, 97, 1196399
List the prime factors of 1053582644.
2, 29, 47, 193247
What are the prime factors of 82445898?
2, 3, 29, 131, 3617
What are the prime factors of 1004449302?
2, 3, 61, 304933
What are the prime factors of 228199950?
2, 3, 5, 11, 127
List the prime factors of 737581186.
2, 29, 367, 34651
What are the prime factors of 20945070?
2, 3, 5, 53, 4391
What are the prime factors of 21885179?
2927, 7477
List the prime factors of 128960056.
2, 379, 42533
What are the prime factors of 252439986?
2, 3, 73, 157, 3671
List the prime factors of 7297203802.
2, 7, 19, 43, 397, 1607
What are the prime factors of 619480098?
2, 3, 34415561
List the prime factors of 5984531.
7, 23, 37171
What are the prime factors of 630331448?
2, 78791431
List the prime factors of 89369535.
3, 5, 5957969
List the prime factors of 111101270.
2, 5, 7, 23, 151, 457
List the prime factors of 121665164.
2, 30416291
What are the prime factors of 4738054807?
277, 17104891
What are the prime factors of 2314543759?
11, 210413069
What are the prime factors of 1620900482?
2, 23, 35236967
What are the prime factors of 413537197?
37, 269, 41549
List the prime factors of 72998380.
2, 5, 7, 13, 19, 2111
List the prime factors of 2459520579.
3, 43, 3499, 5449
List the prime factors of 44814484.
2, 11, 13, 78347
What are the prime factors of 160634128?
2, 10039633
What are the prime factors of 267258615?
3, 5, 13, 17, 80621
List the prime factors of 302743053.
3, 33638117
What are the prime factors of 6721620?
2, 3, 5, 29, 3863
List the prime factors of 7886104.
2, 41, 24043
List the prime factors of 278673422.
2, 139336711
What are the prime factors of 4233115973?
4233115973
What are the prime factors of 2584811441?
29, 89131429
What are the prime factors of 693348983?
5179, 133877
List the prime factors of 1708474814.
2, 757, 1128451
List the prime factors of 127155344.
2, 431, 18439
List the prime factors of 910545807.
3, 303515269
List the prime factors of 368790909.
3, 122930303
What are the prime factors of 572293573?
31, 47, 101, 3889
List the prime factors of 2709396516.
2, 3, 225783043
What are the prime factors of 4167985040?
2, 5, 52099813
List the prime factors of 7783108.
2, 23, 31, 2729
List the prime factors of 1844844261.
3, 13, 79, 97, 6173
What are the prime factors of 8258483719?
61, 135384979
List the prime factors of 38385732.
2, 3, 7, 11, 41543
What are the prime factors of 2642589338?
2, 43, 30727783
What are the prime factors of 5954109006?
2, 3, 992351501
List the prime factors of 37536718.
2, 18768359
List the prime factors of 813396736.
2, 3177331
List the prime factors of 69132855.
3, 5, 11, 418987
List the prime factors of 74806473.
3, 7, 829, 4297
List the prime factors of 58745100.
2, 3, 5, 195817
What are the prime factors of 4565558626?
2, 43, 2473, 21467
List the prime factors of 811654297.
613, 1324069
What are the prime factors of 2011328711?
7, 89, 3228457
What are the prime factors of 1234397876?
2, 29, 10641361
List the prime factors of 2347888348.
2, 13, 4993, 9043
What are the prime factors of 1469415811?
109, 13480879
List the prime factors of 317258219.
19, 73, 228737
List the prime factors of 2127592252.
2, 531898063
List the prime factors of 207288271.
19, 10909909
List the prime factors of 51987088.
2, 17, 131, 1459
What are the prime factors of 27759560?
2, 5, 693989
What are the prime factors of 841299675?
3, 5, 547, 20507
What are the prime factors of 8562433?
11, 778403
List the prime factors of 5716502.
2, 11, 259841
List the prime factors of 58061883.
3, 11, 71, 24781
List the prime factors of 48957287.
1721, 28447
List the prime factors of 704739212.
2, 43, 4097321
What are the prime factors of 294882642?
2, 3, 269, 60901
What are the prime factors of 60889182?
2, 3, 41, 6037
List the prime factors of 898848314.
2, 7, 13, 19, 259933
What are the prime factors of 94551951?
3, 13, 251, 743
List the prime factors of 3109786496.
2, 2903, 8369
What are the prime factors of 1040488101?
3, 1487, 77747
List the prime factors of 173459127.
3, 83, 696623
What are the prime factors of 141137059?
7, 20162437
What are the prime factors of 1571122859?
59, 26629201
List the prime factors of 21761093.
21761093
What are the prime factors of 46446105?
3, 5, 47, 65881
What are the prime factors of 3201934019?
107, 29924617
List the prime factors of 1136797165.
5, 7, 32479919
List the prime factors of 78822387.
3, 7, 17, 73597
What are the prime factors of 81104663?
81104663
List the prime factors of 2116278310.
2, 5, 229, 924139
What are the prime factors of 60287059?
7, 8612437
List the prime factors of 188399892.
2, 3, 29, 283, 1913
List the prime factors of 543581203.
11, 19, 2600867
What are the prime 